
{"id":38943,"date":"2026-09-04T10:27:13","date_gmt":"2026-09-04T08:27:13","guid":{"rendered":"https:\/\/www.fondationbiodiversite.fr\/?post_type=membre&#038;p=38943"},"modified":"2026-09-04T10:31:26","modified_gmt":"2026-09-04T08:31:26","slug":"katherine-hebert","status":"publish","type":"membre","link":"https:\/\/www.fondationbiodiversite.fr\/en\/membre\/katherine-hebert\/","title":{"rendered":"Katherine H\u00c9BERT"},"content":{"rendered":"<p><strong>Katherine H\u00c9BERT<\/strong> joined the FRB as part of the <a href=\"https:\/\/www.fondationbiodiversite.fr\/en\/the-frb-in-action\/programs-and-projects\/le-cesab\/kh-protected-areas\/\"><strong>KH Protected Areas project<\/strong><\/a> in September 2026 as a postdoctoral researcher at Paris-Saclay University in Paris and at <a href=\"https:\/\/www.fondationbiodiversite.fr\/en\/about-the-foundation\/le-cesab\/\">CESAB, FRB&#8217;s synthesis center<\/a>, in Montpellier. This project explores protected areas as Nature based-Solutions for protecting biodiversity from global to local scales in a context of climate change.<\/p>\n<p>&nbsp;<\/p>\n<p>Her research focuses on integrating ecological data, theory and models to summarise the complexity of biodiversity change for conservation in an era of global change. Her previous work includes the testing, development, and selection of biodiversity indicators, and the exploration of how participatory science can help to measure and monitor biodiversity in Canada.<\/p>\n<p>&nbsp;<\/p>\n<p>&nbsp;<\/p>\n<p style=\"text-align: center;\"><a class=\"bt\" href=\"https:\/\/katherinehebert.github.io\/\">Personal website<\/a><\/p>\n","protected":false},"featured_media":38942,"template":"","class_list":["post-38943","membre","type-membre","status-publish","has-post-thumbnail","hentry"],"acf":[],"yoast_head":"<!-- This site is optimized with the Yoast SEO plugin v28.1 - https:\/\/yoast.com\/product\/yoast-seo-wordpress\/ -->\n<title>Katherine H\u00c9BERT - Fondation pour la recherche sur la biodiversit\u00e9<\/title>\n<meta name=\"robots\" content=\"index, follow, max-snippet:-1, max-image-preview:large, max-video-preview:-1\" \/>\n<link rel=\"canonical\" href=\"https:\/\/www.fondationbiodiversite.fr\/en\/membre\/katherine-hebert\/\" \/>\n<meta property=\"og:locale\" content=\"en_US\" \/>\n<meta property=\"og:type\" content=\"article\" \/>\n<meta property=\"og:title\" content=\"Katherine H\u00c9BERT - Fondation pour la recherche sur la biodiversit\u00e9\" \/>\n<meta property=\"og:description\" content=\"Katherine H\u00c9BERT joined the FRB as part of the KH Protected Areas project in September 2026 as a postdoctoral researcher at Paris-Saclay University in Paris and at CESAB, FRB&#8217;s synthesis center, in Montpellier. This project explores protected areas as Nature based-Solutions for protecting biodiversity from global to local scales in a context of climate change. [&hellip;]\" \/>\n<meta property=\"og:url\" content=\"https:\/\/www.fondationbiodiversite.fr\/en\/membre\/katherine-hebert\/\" \/>\n<meta property=\"og:site_name\" content=\"Fondation pour la recherche sur la biodiversit\u00e9\" \/>\n<meta property=\"article:publisher\" content=\"https:\/\/www.facebook.com\/FRBiodiv#\" \/>\n<meta property=\"article:modified_time\" content=\"2026-09-04T08:31:26+00:00\" \/>\n<meta property=\"og:image\" content=\"https:\/\/www.fondationbiodiversite.fr\/wp-content\/uploads\/2026\/09\/Katherine-Hebert_FRB-CESAB.jpg\" \/>\n\t<meta property=\"og:image:width\" content=\"690\" \/>\n\t<meta property=\"og:image:height\" content=\"690\" \/>\n\t<meta property=\"og:image:type\" content=\"image\/jpeg\" \/>\n<meta name=\"twitter:card\" content=\"summary_large_image\" \/>\n<meta name=\"twitter:site\" content=\"@FRBiodiv\" \/>\n<meta name=\"twitter:label1\" content=\"Est. reading time\" \/>\n\t<meta name=\"twitter:data1\" content=\"1 minute\" \/>\n<script type=\"application\/ld+json\" class=\"yoast-schema-graph\">{\"@context\":\"https:\\\/\\\/schema.org\",\"@graph\":[{\"@type\":\"WebPage\",\"@id\":\"https:\\\/\\\/www.fondationbiodiversite.fr\\\/en\\\/membre\\\/katherine-hebert\\\/\",\"url\":\"https:\\\/\\\/www.fondationbiodiversite.fr\\\/en\\\/membre\\\/katherine-hebert\\\/\",\"name\":\"Katherine H\u00c9BERT - Fondation pour la recherche sur la biodiversit\u00e9\",\"isPartOf\":{\"@id\":\"https:\\\/\\\/www.fondationbiodiversite.fr\\\/en\\\/#website\"},\"primaryImageOfPage\":{\"@id\":\"https:\\\/\\\/www.fondationbiodiversite.fr\\\/en\\\/membre\\\/katherine-hebert\\\/#primaryimage\"},\"image\":{\"@id\":\"https:\\\/\\\/www.fondationbiodiversite.fr\\\/en\\\/membre\\\/katherine-hebert\\\/#primaryimage\"},\"thumbnailUrl\":\"https:\\\/\\\/www.fondationbiodiversite.fr\\\/wp-content\\\/uploads\\\/2026\\\/09\\\/Katherine-Hebert_FRB-CESAB.jpg\",\"datePublished\":\"2026-09-04T08:27:13+00:00\",\"dateModified\":\"2026-09-04T08:31:26+00:00\",\"breadcrumb\":{\"@id\":\"https:\\\/\\\/www.fondationbiodiversite.fr\\\/en\\\/membre\\\/katherine-hebert\\\/#breadcrumb\"},\"inLanguage\":\"en-US\",\"potentialAction\":[{\"@type\":\"ReadAction\",\"target\":[\"https:\\\/\\\/www.fondationbiodiversite.fr\\\/en\\\/membre\\\/katherine-hebert\\\/\"]}]},{\"@type\":\"ImageObject\",\"inLanguage\":\"en-US\",\"@id\":\"https:\\\/\\\/www.fondationbiodiversite.fr\\\/en\\\/membre\\\/katherine-hebert\\\/#primaryimage\",\"url\":\"https:\\\/\\\/www.fondationbiodiversite.fr\\\/wp-content\\\/uploads\\\/2026\\\/09\\\/Katherine-Hebert_FRB-CESAB.jpg\",\"contentUrl\":\"https:\\\/\\\/www.fondationbiodiversite.fr\\\/wp-content\\\/uploads\\\/2026\\\/09\\\/Katherine-Hebert_FRB-CESAB.jpg\",\"width\":690,\"height\":690},{\"@type\":\"BreadcrumbList\",\"@id\":\"https:\\\/\\\/www.fondationbiodiversite.fr\\\/en\\\/membre\\\/katherine-hebert\\\/#breadcrumb\",\"itemListElement\":[{\"@type\":\"ListItem\",\"position\":1,\"name\":\"Accueil\",\"item\":\"https:\\\/\\\/www.fondationbiodiversite.fr\\\/en\\\/\"},{\"@type\":\"ListItem\",\"position\":2,\"name\":\"Katherine H\u00c9BERT\"}]},{\"@type\":\"WebSite\",\"@id\":\"https:\\\/\\\/www.fondationbiodiversite.fr\\\/en\\\/#website\",\"url\":\"https:\\\/\\\/www.fondationbiodiversite.fr\\\/en\\\/\",\"name\":\"Fondation pour la recherche sur la biodiversit\u00e9\",\"description\":\"Une plateforme entre les diff\u00e9rents acteurs scientifiques et les acteurs de la soci\u00e9t\u00e9 sur la biodiversit\u00e9..\",\"publisher\":{\"@id\":\"https:\\\/\\\/www.fondationbiodiversite.fr\\\/en\\\/#organization\"},\"alternateName\":\"FRB\",\"potentialAction\":[{\"@type\":\"SearchAction\",\"target\":{\"@type\":\"EntryPoint\",\"urlTemplate\":\"https:\\\/\\\/www.fondationbiodiversite.fr\\\/en\\\/?s={search_term_string}\"},\"query-input\":{\"@type\":\"PropertyValueSpecification\",\"valueRequired\":true,\"valueName\":\"search_term_string\"}}],\"inLanguage\":\"en-US\"},{\"@type\":\"Organization\",\"@id\":\"https:\\\/\\\/www.fondationbiodiversite.fr\\\/en\\\/#organization\",\"name\":\"Fondation pour la recherche sur la biodiversit\u00e9\",\"url\":\"https:\\\/\\\/www.fondationbiodiversite.fr\\\/en\\\/\",\"logo\":{\"@type\":\"ImageObject\",\"inLanguage\":\"en-US\",\"@id\":\"https:\\\/\\\/www.fondationbiodiversite.fr\\\/en\\\/#\\\/schema\\\/logo\\\/image\\\/\",\"url\":\"https:\\\/\\\/www.fondationbiodiversite.fr\\\/wp-content\\\/uploads\\\/2025\\\/10\\\/logo_FRB_RVB.png\",\"contentUrl\":\"https:\\\/\\\/www.fondationbiodiversite.fr\\\/wp-content\\\/uploads\\\/2025\\\/10\\\/logo_FRB_RVB.png\",\"width\":220,\"height\":220,\"caption\":\"Fondation pour la recherche sur la biodiversit\u00e9\"},\"image\":{\"@id\":\"https:\\\/\\\/www.fondationbiodiversite.fr\\\/en\\\/#\\\/schema\\\/logo\\\/image\\\/\"},\"sameAs\":[\"https:\\\/\\\/www.facebook.com\\\/FRBiodiv#\",\"https:\\\/\\\/x.com\\\/FRBiodiv\",\"https:\\\/\\\/bsky.app\\\/profile\\\/frbiodiv.bsky.social\",\"https:\\\/\\\/www.instagram.com\\\/frbiodiv\\\/\",\"https:\\\/\\\/www.linkedin.com\\\/in\\\/fondation-pour-la-recherche-sur-la-biodiversit-223059121\\\/\",\"https:\\\/\\\/www.youtube.com\\\/@FRBiodiv\"]}]}<\/script>\n<!-- \/ Yoast SEO plugin. -->","yoast_head_json":{"title":"Katherine H\u00c9BERT - Fondation pour la recherche sur la biodiversit\u00e9","robots":{"index":"index","follow":"follow","max-snippet":"max-snippet:-1","max-image-preview":"max-image-preview:large","max-video-preview":"max-video-preview:-1"},"canonical":"https:\/\/www.fondationbiodiversite.fr\/en\/membre\/katherine-hebert\/","og_locale":"en_US","og_type":"article","og_title":"Katherine H\u00c9BERT - Fondation pour la recherche sur la biodiversit\u00e9","og_description":"Katherine H\u00c9BERT joined the FRB as part of the KH Protected Areas project in September 2026 as a postdoctoral researcher at Paris-Saclay University in Paris and at CESAB, FRB&#8217;s synthesis center, in Montpellier. This project explores protected areas as Nature based-Solutions for protecting biodiversity from global to local scales in a context of climate change. [&hellip;]","og_url":"https:\/\/www.fondationbiodiversite.fr\/en\/membre\/katherine-hebert\/","og_site_name":"Fondation pour la recherche sur la biodiversit\u00e9","article_publisher":"https:\/\/www.facebook.com\/FRBiodiv#","article_modified_time":"2026-09-04T08:31:26+00:00","og_image":[{"width":690,"height":690,"url":"https:\/\/www.fondationbiodiversite.fr\/wp-content\/uploads\/2026\/09\/Katherine-Hebert_FRB-CESAB.jpg","type":"image\/jpeg"}],"twitter_card":"summary_large_image","twitter_site":"@FRBiodiv","twitter_misc":{"Est. reading time":"1 minute"},"schema":{"@context":"https:\/\/schema.org","@graph":[{"@type":"WebPage","@id":"https:\/\/www.fondationbiodiversite.fr\/en\/membre\/katherine-hebert\/","url":"https:\/\/www.fondationbiodiversite.fr\/en\/membre\/katherine-hebert\/","name":"Katherine H\u00c9BERT - Fondation pour la recherche sur la biodiversit\u00e9","isPartOf":{"@id":"https:\/\/www.fondationbiodiversite.fr\/en\/#website"},"primaryImageOfPage":{"@id":"https:\/\/www.fondationbiodiversite.fr\/en\/membre\/katherine-hebert\/#primaryimage"},"image":{"@id":"https:\/\/www.fondationbiodiversite.fr\/en\/membre\/katherine-hebert\/#primaryimage"},"thumbnailUrl":"https:\/\/www.fondationbiodiversite.fr\/wp-content\/uploads\/2026\/09\/Katherine-Hebert_FRB-CESAB.jpg","datePublished":"2026-09-04T08:27:13+00:00","dateModified":"2026-09-04T08:31:26+00:00","breadcrumb":{"@id":"https:\/\/www.fondationbiodiversite.fr\/en\/membre\/katherine-hebert\/#breadcrumb"},"inLanguage":"en-US","potentialAction":[{"@type":"ReadAction","target":["https:\/\/www.fondationbiodiversite.fr\/en\/membre\/katherine-hebert\/"]}]},{"@type":"ImageObject","inLanguage":"en-US","@id":"https:\/\/www.fondationbiodiversite.fr\/en\/membre\/katherine-hebert\/#primaryimage","url":"https:\/\/www.fondationbiodiversite.fr\/wp-content\/uploads\/2026\/09\/Katherine-Hebert_FRB-CESAB.jpg","contentUrl":"https:\/\/www.fondationbiodiversite.fr\/wp-content\/uploads\/2026\/09\/Katherine-Hebert_FRB-CESAB.jpg","width":690,"height":690},{"@type":"BreadcrumbList","@id":"https:\/\/www.fondationbiodiversite.fr\/en\/membre\/katherine-hebert\/#breadcrumb","itemListElement":[{"@type":"ListItem","position":1,"name":"Accueil","item":"https:\/\/www.fondationbiodiversite.fr\/en\/"},{"@type":"ListItem","position":2,"name":"Katherine H\u00c9BERT"}]},{"@type":"WebSite","@id":"https:\/\/www.fondationbiodiversite.fr\/en\/#website","url":"https:\/\/www.fondationbiodiversite.fr\/en\/","name":"Fondation pour la recherche sur la biodiversit\u00e9","description":"Une plateforme entre les diff\u00e9rents acteurs scientifiques et les acteurs de la soci\u00e9t\u00e9 sur la biodiversit\u00e9..","publisher":{"@id":"https:\/\/www.fondationbiodiversite.fr\/en\/#organization"},"alternateName":"FRB","potentialAction":[{"@type":"SearchAction","target":{"@type":"EntryPoint","urlTemplate":"https:\/\/www.fondationbiodiversite.fr\/en\/?s={search_term_string}"},"query-input":{"@type":"PropertyValueSpecification","valueRequired":true,"valueName":"search_term_string"}}],"inLanguage":"en-US"},{"@type":"Organization","@id":"https:\/\/www.fondationbiodiversite.fr\/en\/#organization","name":"Fondation pour la recherche sur la biodiversit\u00e9","url":"https:\/\/www.fondationbiodiversite.fr\/en\/","logo":{"@type":"ImageObject","inLanguage":"en-US","@id":"https:\/\/www.fondationbiodiversite.fr\/en\/#\/schema\/logo\/image\/","url":"https:\/\/www.fondationbiodiversite.fr\/wp-content\/uploads\/2025\/10\/logo_FRB_RVB.png","contentUrl":"https:\/\/www.fondationbiodiversite.fr\/wp-content\/uploads\/2025\/10\/logo_FRB_RVB.png","width":220,"height":220,"caption":"Fondation pour la recherche sur la biodiversit\u00e9"},"image":{"@id":"https:\/\/www.fondationbiodiversite.fr\/en\/#\/schema\/logo\/image\/"},"sameAs":["https:\/\/www.facebook.com\/FRBiodiv#","https:\/\/x.com\/FRBiodiv","https:\/\/bsky.app\/profile\/frbiodiv.bsky.social","https:\/\/www.instagram.com\/frbiodiv\/","https:\/\/www.linkedin.com\/in\/fondation-pour-la-recherche-sur-la-biodiversit-223059121\/","https:\/\/www.youtube.com\/@FRBiodiv"]}]}},"_links":{"self":[{"href":"https:\/\/www.fondationbiodiversite.fr\/en\/wp-json\/wp\/v2\/membre\/38943","targetHints":{"allow":["GET"]}}],"collection":[{"href":"https:\/\/www.fondationbiodiversite.fr\/en\/wp-json\/wp\/v2\/membre"}],"about":[{"href":"https:\/\/www.fondationbiodiversite.fr\/en\/wp-json\/wp\/v2\/types\/membre"}],"wp:featuredmedia":[{"embeddable":true,"href":"https:\/\/www.fondationbiodiversite.fr\/en\/wp-json\/wp\/v2\/media\/38942"}],"wp:attachment":[{"href":"https:\/\/www.fondationbiodiversite.fr\/en\/wp-json\/wp\/v2\/media?parent=38943"}],"curies":[{"name":"wp","href":"https:\/\/api.w.org\/{rel}","templated":true}]}}

Katherine HÉBERT

<p><strong>Katherine HÉBERT</strong> joined the FRB as part of the <a href="https://www.fondationbiodiversite.fr/en/the-frb-in-action/programs-and-projects/le-cesab/kh-protected-areas/"><strong>KH Protected Areas project</strong></a> in September 2026 as a postdoctoral researcher at Paris-Saclay University in Paris and at <a href="https://www.fondationbiodiversite.fr/en/about-the-foundation/le-cesab/">CESAB, FRB&#8217;s synthesis center</a>, in Montpellier. This project explores protected areas as Nature based-Solutions for protecting biodiversity from global to local scales in a context of climate change.</p>
<p>&nbsp;</p>
<p>Her research focuses on integrating ecological data, theory and models to summarise the complexity of biodiversity change for conservation in an era of global change. Her previous work includes the testing, development, and selection of biodiversity indicators, and the exploration of how participatory science can help to measure and monitor biodiversity in Canada.</p>
<p>&nbsp;</p>
<p>&nbsp;</p>
<p style="text-align: center;"><a class="bt" href="https://katherinehebert.github.io/">Personal website</a></p>

<!-- This site is optimized with the Yoast SEO plugin v28.1 - https://yoast.com/product/yoast-seo-wordpress/ -->
<title>Katherine HÉBERT - Fondation pour la recherche sur la biodiversité</title>
<meta name="robots" content="index, follow, max-snippet:-1, max-image-preview:large, max-video-preview:-1" />
<link rel="canonical" href="https://www.fondationbiodiversite.fr/en/membre/katherine-hebert/" />
<meta property="og:locale" content="en_US" />
<meta property="og:type" content="article" />
<meta property="og:title" content="Katherine HÉBERT - Fondation pour la recherche sur la biodiversité" />
<meta property="og:description" content="Katherine HÉBERT joined the FRB as part of the KH Protected Areas project in September 2026 as a postdoctoral researcher at Paris-Saclay University in Paris and at CESAB, FRB&#8217;s synthesis center, in Montpellier. This project explores protected areas as Nature based-Solutions for protecting biodiversity from global to local scales in a context of climate change. [&hellip;]" />
<meta property="og:url" content="https://www.fondationbiodiversite.fr/en/membre/katherine-hebert/" />
<meta property="og:site_name" content="Fondation pour la recherche sur la biodiversité" />
<meta property="article:publisher" content="https://www.facebook.com/FRBiodiv#" />
<meta property="article:modified_time" content="2026-09-04T08:31:26+00:00" />
<meta property="og:image" content="https://www.fondationbiodiversite.fr/wp-content/uploads/2026/09/Katherine-Hebert_FRB-CESAB.jpg" />
	<meta property="og:image:width" content="690" />
	<meta property="og:image:height" content="690" />
	<meta property="og:image:type" content="image/jpeg" />
<meta name="twitter:card" content="summary_large_image" />
<meta name="twitter:site" content="@FRBiodiv" />
<meta name="twitter:label1" content="Est. reading time" />
	<meta name="twitter:data1" content="1 minute" />
<script type="application/ld+json" class="yoast-schema-graph">{"@context":"https:\/\/schema.org","@graph":[{"@type":"WebPage","@id":"https:\/\/www.fondationbiodiversite.fr\/en\/membre\/katherine-hebert\/","url":"https:\/\/www.fondationbiodiversite.fr\/en\/membre\/katherine-hebert\/","name":"Katherine HÉBERT - Fondation pour la recherche sur la biodiversité","isPartOf":{"@id":"https:\/\/www.fondationbiodiversite.fr\/en\/#website"},"primaryImageOfPage":{"@id":"https:\/\/www.fondationbiodiversite.fr\/en\/membre\/katherine-hebert\/#primaryimage"},"image":{"@id":"https:\/\/www.fondationbiodiversite.fr\/en\/membre\/katherine-hebert\/#primaryimage"},"thumbnailUrl":"https:\/\/www.fondationbiodiversite.fr\/wp-content\/uploads\/2026\/09\/Katherine-Hebert_FRB-CESAB.jpg","datePublished":"2026-09-04T08:27:13+00:00","dateModified":"2026-09-04T08:31:26+00:00","breadcrumb":{"@id":"https:\/\/www.fondationbiodiversite.fr\/en\/membre\/katherine-hebert\/#breadcrumb"},"inLanguage":"en-US","potentialAction":[{"@type":"ReadAction","target":["https:\/\/www.fondationbiodiversite.fr\/en\/membre\/katherine-hebert\/"]}]},{"@type":"ImageObject","inLanguage":"en-US","@id":"https:\/\/www.fondationbiodiversite.fr\/en\/membre\/katherine-hebert\/#primaryimage","url":"https:\/\/www.fondationbiodiversite.fr\/wp-content\/uploads\/2026\/09\/Katherine-Hebert_FRB-CESAB.jpg","contentUrl":"https:\/\/www.fondationbiodiversite.fr\/wp-content\/uploads\/2026\/09\/Katherine-Hebert_FRB-CESAB.jpg","width":690,"height":690},{"@type":"BreadcrumbList","@id":"https:\/\/www.fondationbiodiversite.fr\/en\/membre\/katherine-hebert\/#breadcrumb","itemListElement":[{"@type":"ListItem","position":1,"name":"Accueil","item":"https:\/\/www.fondationbiodiversite.fr\/en\/"},{"@type":"ListItem","position":2,"name":"Katherine HÉBERT"}]},{"@type":"WebSite","@id":"https:\/\/www.fondationbiodiversite.fr\/en\/#website","url":"https:\/\/www.fondationbiodiversite.fr\/en\/","name":"Fondation pour la recherche sur la biodiversité","description":"Une plateforme entre les différents acteurs scientifiques et les acteurs de la société sur la biodiversité..","publisher":{"@id":"https:\/\/www.fondationbiodiversite.fr\/en\/#organization"},"alternateName":"FRB","potentialAction":[{"@type":"SearchAction","target":{"@type":"EntryPoint","urlTemplate":"https:\/\/www.fondationbiodiversite.fr\/en\/?s={search_term_string}"},"query-input":{"@type":"PropertyValueSpecification","valueRequired":true,"valueName":"search_term_string"}}],"inLanguage":"en-US"},{"@type":"Organization","@id":"https:\/\/www.fondationbiodiversite.fr\/en\/#organization","name":"Fondation pour la recherche sur la biodiversité","url":"https:\/\/www.fondationbiodiversite.fr\/en\/","logo":{"@type":"ImageObject","inLanguage":"en-US","@id":"https:\/\/www.fondationbiodiversite.fr\/en\/#\/schema\/logo\/image\/","url":"https:\/\/www.fondationbiodiversite.fr\/wp-content\/uploads\/2025\/10\/logo_FRB_RVB.png","contentUrl":"https:\/\/www.fondationbiodiversite.fr\/wp-content\/uploads\/2025\/10\/logo_FRB_RVB.png","width":220,"height":220,"caption":"Fondation pour la recherche sur la biodiversité"},"image":{"@id":"https:\/\/www.fondationbiodiversite.fr\/en\/#\/schema\/logo\/image\/"},"sameAs":["https:\/\/www.facebook.com\/FRBiodiv#","https:\/\/x.com\/FRBiodiv","https:\/\/bsky.app\/profile\/frbiodiv.bsky.social","https:\/\/www.instagram.com\/frbiodiv\/","https:\/\/www.linkedin.com\/in\/fondation-pour-la-recherche-sur-la-biodiversit-223059121\/","https:\/\/www.youtube.com\/@FRBiodiv"]}]}</script>
<!-- / Yoast SEO plugin. -->

Katherine HÉBERT - Fondation pour la recherche sur la biodiversité

Katherine HÉBERT joined the FRB as part of the KH Protected Areas project in September 2026 as a postdoctoral researcher at Paris-Saclay University in Paris and at CESAB, FRB&#8217;s synthesis center, in Montpellier. This project explores protected areas as Nature based-Solutions for protecting biodiversity from global to local scales in a context of climate change. [&hellip;]

Fondation pour la recherche sur la biodiversité

Une plateforme entre les différents acteurs scientifiques et les acteurs de la société sur la biodiversité..
