
{"id":28715,"date":"2025-01-09T14:46:58","date_gmt":"2025-01-09T13:46:58","guid":{"rendered":"https:\/\/www.fondationbiodiversite.fr\/?post_type=membre&#038;p=28715"},"modified":"2025-01-09T14:46:58","modified_gmt":"2025-01-09T13:46:58","slug":"romain-frelat","status":"publish","type":"membre","link":"https:\/\/www.fondationbiodiversite.fr\/en\/membre\/romain-frelat\/","title":{"rendered":"Romain FRELAT"},"content":{"rendered":"<p><strong>Romain Frelat<\/strong> joined the FRB as a data-scientist in January 2025. He offers technical and methodological support for projects from the program FRB-MTECT-OFB \u00ab <a href=\"https:\/\/www.fondationbiodiversite.fr\/la-frb-en-action\/programmes-et-projets\/impacts-sur-la-biodiversite-terrestre-dans-lanthropocene\/\">Pressions anthropiques et impact sur la biodiversit\u00e9 terrestre<\/a> \u00bb [fr].\u00a0His work also aims to facilitate the collaboration among the different research groups and to help valorization results to partners.<\/p>\n<p>&nbsp;<\/p>\n<p>\nRomain is a quantitative ecologist, with 15 years of experience analyzing and integrating diverse data from terrestrial and marine ecosystems. His interest lies in using and developing robust and reproducible tools to transform complex datasets into meaningful information, especially to inform society for a harmonious cohabitation within diverse ecosystems.<\/p>\n","protected":false},"featured_media":28719,"template":"","class_list":["post-28715","membre","type-membre","status-publish","has-post-thumbnail","hentry"],"acf":[],"yoast_head":"<!-- This site is optimized with the Yoast SEO plugin v27.4 - https:\/\/yoast.com\/product\/yoast-seo-wordpress\/ -->\n<title>Romain FRELAT - Fondation pour la recherche sur la biodiversit\u00e9<\/title>\n<meta name=\"robots\" content=\"index, follow, max-snippet:-1, max-image-preview:large, max-video-preview:-1\" \/>\n<link rel=\"canonical\" href=\"https:\/\/www.fondationbiodiversite.fr\/en\/membre\/romain-frelat\/\" \/>\n<meta property=\"og:locale\" content=\"en_US\" \/>\n<meta property=\"og:type\" content=\"article\" \/>\n<meta property=\"og:title\" content=\"Romain FRELAT - Fondation pour la recherche sur la biodiversit\u00e9\" \/>\n<meta property=\"og:description\" content=\"Romain Frelat joined the FRB as a data-scientist in January 2025. He offers technical and methodological support for projects from the program FRB-MTECT-OFB \u00ab Pressions anthropiques et impact sur la biodiversit\u00e9 terrestre \u00bb [fr].\u00a0His work also aims to facilitate the collaboration among the different research groups and to help valorization results to partners. &nbsp; Romain [&hellip;]\" \/>\n<meta property=\"og:url\" content=\"https:\/\/www.fondationbiodiversite.fr\/en\/membre\/romain-frelat\/\" \/>\n<meta property=\"og:site_name\" content=\"Fondation pour la recherche sur la biodiversit\u00e9\" \/>\n<meta property=\"article:publisher\" content=\"https:\/\/www.facebook.com\/FRBiodiv#\" \/>\n<meta property=\"og:image\" content=\"https:\/\/www.fondationbiodiversite.fr\/wp-content\/uploads\/2025\/01\/frb_cesab_datascientist_romain_frelat.jpg\" \/>\n\t<meta property=\"og:image:width\" content=\"690\" \/>\n\t<meta property=\"og:image:height\" content=\"690\" \/>\n\t<meta property=\"og:image:type\" content=\"image\/jpeg\" \/>\n<meta name=\"twitter:card\" content=\"summary_large_image\" \/>\n<meta name=\"twitter:site\" content=\"@FRBiodiv\" \/>\n<meta name=\"twitter:label1\" content=\"Est. reading time\" \/>\n\t<meta name=\"twitter:data1\" content=\"1 minute\" \/>\n<script type=\"application\/ld+json\" class=\"yoast-schema-graph\">{\"@context\":\"https:\\\/\\\/schema.org\",\"@graph\":[{\"@type\":\"WebPage\",\"@id\":\"https:\\\/\\\/www.fondationbiodiversite.fr\\\/en\\\/membre\\\/romain-frelat\\\/\",\"url\":\"https:\\\/\\\/www.fondationbiodiversite.fr\\\/en\\\/membre\\\/romain-frelat\\\/\",\"name\":\"Romain FRELAT - Fondation pour la recherche sur la biodiversit\u00e9\",\"isPartOf\":{\"@id\":\"https:\\\/\\\/www.fondationbiodiversite.fr\\\/en\\\/#website\"},\"primaryImageOfPage\":{\"@id\":\"https:\\\/\\\/www.fondationbiodiversite.fr\\\/en\\\/membre\\\/romain-frelat\\\/#primaryimage\"},\"image\":{\"@id\":\"https:\\\/\\\/www.fondationbiodiversite.fr\\\/en\\\/membre\\\/romain-frelat\\\/#primaryimage\"},\"thumbnailUrl\":\"https:\\\/\\\/www.fondationbiodiversite.fr\\\/wp-content\\\/uploads\\\/2025\\\/01\\\/frb_cesab_datascientist_romain_frelat.jpg\",\"datePublished\":\"2025-01-09T13:46:58+00:00\",\"breadcrumb\":{\"@id\":\"https:\\\/\\\/www.fondationbiodiversite.fr\\\/en\\\/membre\\\/romain-frelat\\\/#breadcrumb\"},\"inLanguage\":\"en-US\",\"potentialAction\":[{\"@type\":\"ReadAction\",\"target\":[\"https:\\\/\\\/www.fondationbiodiversite.fr\\\/en\\\/membre\\\/romain-frelat\\\/\"]}]},{\"@type\":\"ImageObject\",\"inLanguage\":\"en-US\",\"@id\":\"https:\\\/\\\/www.fondationbiodiversite.fr\\\/en\\\/membre\\\/romain-frelat\\\/#primaryimage\",\"url\":\"https:\\\/\\\/www.fondationbiodiversite.fr\\\/wp-content\\\/uploads\\\/2025\\\/01\\\/frb_cesab_datascientist_romain_frelat.jpg\",\"contentUrl\":\"https:\\\/\\\/www.fondationbiodiversite.fr\\\/wp-content\\\/uploads\\\/2025\\\/01\\\/frb_cesab_datascientist_romain_frelat.jpg\",\"width\":690,\"height\":690},{\"@type\":\"BreadcrumbList\",\"@id\":\"https:\\\/\\\/www.fondationbiodiversite.fr\\\/en\\\/membre\\\/romain-frelat\\\/#breadcrumb\",\"itemListElement\":[{\"@type\":\"ListItem\",\"position\":1,\"name\":\"Accueil\",\"item\":\"https:\\\/\\\/www.fondationbiodiversite.fr\\\/en\\\/\"},{\"@type\":\"ListItem\",\"position\":2,\"name\":\"Romain FRELAT\"}]},{\"@type\":\"WebSite\",\"@id\":\"https:\\\/\\\/www.fondationbiodiversite.fr\\\/en\\\/#website\",\"url\":\"https:\\\/\\\/www.fondationbiodiversite.fr\\\/en\\\/\",\"name\":\"Fondation pour la recherche sur la biodiversit\u00e9\",\"description\":\"Une plateforme entre les diff\u00e9rents acteurs scientifiques et les acteurs de la soci\u00e9t\u00e9 sur la biodiversit\u00e9..\",\"publisher\":{\"@id\":\"https:\\\/\\\/www.fondationbiodiversite.fr\\\/en\\\/#organization\"},\"alternateName\":\"FRB\",\"potentialAction\":[{\"@type\":\"SearchAction\",\"target\":{\"@type\":\"EntryPoint\",\"urlTemplate\":\"https:\\\/\\\/www.fondationbiodiversite.fr\\\/en\\\/?s={search_term_string}\"},\"query-input\":{\"@type\":\"PropertyValueSpecification\",\"valueRequired\":true,\"valueName\":\"search_term_string\"}}],\"inLanguage\":\"en-US\"},{\"@type\":\"Organization\",\"@id\":\"https:\\\/\\\/www.fondationbiodiversite.fr\\\/en\\\/#organization\",\"name\":\"Fondation pour la recherche sur la biodiversit\u00e9\",\"url\":\"https:\\\/\\\/www.fondationbiodiversite.fr\\\/en\\\/\",\"logo\":{\"@type\":\"ImageObject\",\"inLanguage\":\"en-US\",\"@id\":\"https:\\\/\\\/www.fondationbiodiversite.fr\\\/en\\\/#\\\/schema\\\/logo\\\/image\\\/\",\"url\":\"https:\\\/\\\/www.fondationbiodiversite.fr\\\/wp-content\\\/uploads\\\/2025\\\/10\\\/logo_FRB_RVB.png\",\"contentUrl\":\"https:\\\/\\\/www.fondationbiodiversite.fr\\\/wp-content\\\/uploads\\\/2025\\\/10\\\/logo_FRB_RVB.png\",\"width\":220,\"height\":220,\"caption\":\"Fondation pour la recherche sur la biodiversit\u00e9\"},\"image\":{\"@id\":\"https:\\\/\\\/www.fondationbiodiversite.fr\\\/en\\\/#\\\/schema\\\/logo\\\/image\\\/\"},\"sameAs\":[\"https:\\\/\\\/www.facebook.com\\\/FRBiodiv#\",\"https:\\\/\\\/x.com\\\/FRBiodiv\",\"https:\\\/\\\/bsky.app\\\/profile\\\/frbiodiv.bsky.social\",\"https:\\\/\\\/www.instagram.com\\\/frbiodiv\\\/\",\"https:\\\/\\\/www.linkedin.com\\\/in\\\/fondation-pour-la-recherche-sur-la-biodiversit-223059121\\\/\",\"https:\\\/\\\/www.youtube.com\\\/@FRBiodiv\"]}]}<\/script>\n<!-- \/ Yoast SEO plugin. -->","yoast_head_json":{"title":"Romain FRELAT - Fondation pour la recherche sur la biodiversit\u00e9","robots":{"index":"index","follow":"follow","max-snippet":"max-snippet:-1","max-image-preview":"max-image-preview:large","max-video-preview":"max-video-preview:-1"},"canonical":"https:\/\/www.fondationbiodiversite.fr\/en\/membre\/romain-frelat\/","og_locale":"en_US","og_type":"article","og_title":"Romain FRELAT - Fondation pour la recherche sur la biodiversit\u00e9","og_description":"Romain Frelat joined the FRB as a data-scientist in January 2025. He offers technical and methodological support for projects from the program FRB-MTECT-OFB \u00ab Pressions anthropiques et impact sur la biodiversit\u00e9 terrestre \u00bb [fr].\u00a0His work also aims to facilitate the collaboration among the different research groups and to help valorization results to partners. &nbsp; Romain [&hellip;]","og_url":"https:\/\/www.fondationbiodiversite.fr\/en\/membre\/romain-frelat\/","og_site_name":"Fondation pour la recherche sur la biodiversit\u00e9","article_publisher":"https:\/\/www.facebook.com\/FRBiodiv#","og_image":[{"width":690,"height":690,"url":"https:\/\/www.fondationbiodiversite.fr\/wp-content\/uploads\/2025\/01\/frb_cesab_datascientist_romain_frelat.jpg","type":"image\/jpeg"}],"twitter_card":"summary_large_image","twitter_site":"@FRBiodiv","twitter_misc":{"Est. reading time":"1 minute"},"schema":{"@context":"https:\/\/schema.org","@graph":[{"@type":"WebPage","@id":"https:\/\/www.fondationbiodiversite.fr\/en\/membre\/romain-frelat\/","url":"https:\/\/www.fondationbiodiversite.fr\/en\/membre\/romain-frelat\/","name":"Romain FRELAT - Fondation pour la recherche sur la biodiversit\u00e9","isPartOf":{"@id":"https:\/\/www.fondationbiodiversite.fr\/en\/#website"},"primaryImageOfPage":{"@id":"https:\/\/www.fondationbiodiversite.fr\/en\/membre\/romain-frelat\/#primaryimage"},"image":{"@id":"https:\/\/www.fondationbiodiversite.fr\/en\/membre\/romain-frelat\/#primaryimage"},"thumbnailUrl":"https:\/\/www.fondationbiodiversite.fr\/wp-content\/uploads\/2025\/01\/frb_cesab_datascientist_romain_frelat.jpg","datePublished":"2025-01-09T13:46:58+00:00","breadcrumb":{"@id":"https:\/\/www.fondationbiodiversite.fr\/en\/membre\/romain-frelat\/#breadcrumb"},"inLanguage":"en-US","potentialAction":[{"@type":"ReadAction","target":["https:\/\/www.fondationbiodiversite.fr\/en\/membre\/romain-frelat\/"]}]},{"@type":"ImageObject","inLanguage":"en-US","@id":"https:\/\/www.fondationbiodiversite.fr\/en\/membre\/romain-frelat\/#primaryimage","url":"https:\/\/www.fondationbiodiversite.fr\/wp-content\/uploads\/2025\/01\/frb_cesab_datascientist_romain_frelat.jpg","contentUrl":"https:\/\/www.fondationbiodiversite.fr\/wp-content\/uploads\/2025\/01\/frb_cesab_datascientist_romain_frelat.jpg","width":690,"height":690},{"@type":"BreadcrumbList","@id":"https:\/\/www.fondationbiodiversite.fr\/en\/membre\/romain-frelat\/#breadcrumb","itemListElement":[{"@type":"ListItem","position":1,"name":"Accueil","item":"https:\/\/www.fondationbiodiversite.fr\/en\/"},{"@type":"ListItem","position":2,"name":"Romain FRELAT"}]},{"@type":"WebSite","@id":"https:\/\/www.fondationbiodiversite.fr\/en\/#website","url":"https:\/\/www.fondationbiodiversite.fr\/en\/","name":"Fondation pour la recherche sur la biodiversit\u00e9","description":"Une plateforme entre les diff\u00e9rents acteurs scientifiques et les acteurs de la soci\u00e9t\u00e9 sur la biodiversit\u00e9..","publisher":{"@id":"https:\/\/www.fondationbiodiversite.fr\/en\/#organization"},"alternateName":"FRB","potentialAction":[{"@type":"SearchAction","target":{"@type":"EntryPoint","urlTemplate":"https:\/\/www.fondationbiodiversite.fr\/en\/?s={search_term_string}"},"query-input":{"@type":"PropertyValueSpecification","valueRequired":true,"valueName":"search_term_string"}}],"inLanguage":"en-US"},{"@type":"Organization","@id":"https:\/\/www.fondationbiodiversite.fr\/en\/#organization","name":"Fondation pour la recherche sur la biodiversit\u00e9","url":"https:\/\/www.fondationbiodiversite.fr\/en\/","logo":{"@type":"ImageObject","inLanguage":"en-US","@id":"https:\/\/www.fondationbiodiversite.fr\/en\/#\/schema\/logo\/image\/","url":"https:\/\/www.fondationbiodiversite.fr\/wp-content\/uploads\/2025\/10\/logo_FRB_RVB.png","contentUrl":"https:\/\/www.fondationbiodiversite.fr\/wp-content\/uploads\/2025\/10\/logo_FRB_RVB.png","width":220,"height":220,"caption":"Fondation pour la recherche sur la biodiversit\u00e9"},"image":{"@id":"https:\/\/www.fondationbiodiversite.fr\/en\/#\/schema\/logo\/image\/"},"sameAs":["https:\/\/www.facebook.com\/FRBiodiv#","https:\/\/x.com\/FRBiodiv","https:\/\/bsky.app\/profile\/frbiodiv.bsky.social","https:\/\/www.instagram.com\/frbiodiv\/","https:\/\/www.linkedin.com\/in\/fondation-pour-la-recherche-sur-la-biodiversit-223059121\/","https:\/\/www.youtube.com\/@FRBiodiv"]}]}},"_links":{"self":[{"href":"https:\/\/www.fondationbiodiversite.fr\/en\/wp-json\/wp\/v2\/membre\/28715","targetHints":{"allow":["GET"]}}],"collection":[{"href":"https:\/\/www.fondationbiodiversite.fr\/en\/wp-json\/wp\/v2\/membre"}],"about":[{"href":"https:\/\/www.fondationbiodiversite.fr\/en\/wp-json\/wp\/v2\/types\/membre"}],"wp:featuredmedia":[{"embeddable":true,"href":"https:\/\/www.fondationbiodiversite.fr\/en\/wp-json\/wp\/v2\/media\/28719"}],"wp:attachment":[{"href":"https:\/\/www.fondationbiodiversite.fr\/en\/wp-json\/wp\/v2\/media?parent=28715"}],"curies":[{"name":"wp","href":"https:\/\/api.w.org\/{rel}","templated":true}]}}

<p><strong>Romain Frelat</strong> joined the FRB as a data-scientist in January 2025. He offers technical and methodological support for projects from the program FRB-MTECT-OFB « <a href="https://www.fondationbiodiversite.fr/la-frb-en-action/programmes-et-projets/impacts-sur-la-biodiversite-terrestre-dans-lanthropocene/">Pressions anthropiques et impact sur la biodiversité terrestre</a> » [fr]. His work also aims to facilitate the collaboration among the different research groups and to help valorization results to partners.</p>
<p>&nbsp;</p>
<p>
Romain is a quantitative ecologist, with 15 years of experience analyzing and integrating diverse data from terrestrial and marine ecosystems. His interest lies in using and developing robust and reproducible tools to transform complex datasets into meaningful information, especially to inform society for a harmonious cohabitation within diverse ecosystems.</p>

<!-- This site is optimized with the Yoast SEO plugin v27.4 - https://yoast.com/product/yoast-seo-wordpress/ -->
<title>Romain FRELAT - Fondation pour la recherche sur la biodiversité</title>
<meta name="robots" content="index, follow, max-snippet:-1, max-image-preview:large, max-video-preview:-1" />
<link rel="canonical" href="https://www.fondationbiodiversite.fr/en/membre/romain-frelat/" />
<meta property="og:locale" content="en_US" />
<meta property="og:type" content="article" />
<meta property="og:title" content="Romain FRELAT - Fondation pour la recherche sur la biodiversité" />
<meta property="og:description" content="Romain Frelat joined the FRB as a data-scientist in January 2025. He offers technical and methodological support for projects from the program FRB-MTECT-OFB « Pressions anthropiques et impact sur la biodiversité terrestre » [fr]. His work also aims to facilitate the collaboration among the different research groups and to help valorization results to partners. &nbsp; Romain [&hellip;]" />
<meta property="og:url" content="https://www.fondationbiodiversite.fr/en/membre/romain-frelat/" />
<meta property="og:site_name" content="Fondation pour la recherche sur la biodiversité" />
<meta property="article:publisher" content="https://www.facebook.com/FRBiodiv#" />
<meta property="og:image" content="https://www.fondationbiodiversite.fr/wp-content/uploads/2025/01/frb_cesab_datascientist_romain_frelat.jpg" />
	<meta property="og:image:width" content="690" />
	<meta property="og:image:height" content="690" />
	<meta property="og:image:type" content="image/jpeg" />
<meta name="twitter:card" content="summary_large_image" />
<meta name="twitter:site" content="@FRBiodiv" />
<meta name="twitter:label1" content="Est. reading time" />
	<meta name="twitter:data1" content="1 minute" />
<script type="application/ld+json" class="yoast-schema-graph">{"@context":"https:\/\/schema.org","@graph":[{"@type":"WebPage","@id":"https:\/\/www.fondationbiodiversite.fr\/en\/membre\/romain-frelat\/","url":"https:\/\/www.fondationbiodiversite.fr\/en\/membre\/romain-frelat\/","name":"Romain FRELAT - Fondation pour la recherche sur la biodiversité","isPartOf":{"@id":"https:\/\/www.fondationbiodiversite.fr\/en\/#website"},"primaryImageOfPage":{"@id":"https:\/\/www.fondationbiodiversite.fr\/en\/membre\/romain-frelat\/#primaryimage"},"image":{"@id":"https:\/\/www.fondationbiodiversite.fr\/en\/membre\/romain-frelat\/#primaryimage"},"thumbnailUrl":"https:\/\/www.fondationbiodiversite.fr\/wp-content\/uploads\/2025\/01\/frb_cesab_datascientist_romain_frelat.jpg","datePublished":"2025-01-09T13:46:58+00:00","breadcrumb":{"@id":"https:\/\/www.fondationbiodiversite.fr\/en\/membre\/romain-frelat\/#breadcrumb"},"inLanguage":"en-US","potentialAction":[{"@type":"ReadAction","target":["https:\/\/www.fondationbiodiversite.fr\/en\/membre\/romain-frelat\/"]}]},{"@type":"ImageObject","inLanguage":"en-US","@id":"https:\/\/www.fondationbiodiversite.fr\/en\/membre\/romain-frelat\/#primaryimage","url":"https:\/\/www.fondationbiodiversite.fr\/wp-content\/uploads\/2025\/01\/frb_cesab_datascientist_romain_frelat.jpg","contentUrl":"https:\/\/www.fondationbiodiversite.fr\/wp-content\/uploads\/2025\/01\/frb_cesab_datascientist_romain_frelat.jpg","width":690,"height":690},{"@type":"BreadcrumbList","@id":"https:\/\/www.fondationbiodiversite.fr\/en\/membre\/romain-frelat\/#breadcrumb","itemListElement":[{"@type":"ListItem","position":1,"name":"Accueil","item":"https:\/\/www.fondationbiodiversite.fr\/en\/"},{"@type":"ListItem","position":2,"name":"Romain FRELAT"}]},{"@type":"WebSite","@id":"https:\/\/www.fondationbiodiversite.fr\/en\/#website","url":"https:\/\/www.fondationbiodiversite.fr\/en\/","name":"Fondation pour la recherche sur la biodiversité","description":"Une plateforme entre les différents acteurs scientifiques et les acteurs de la société sur la biodiversité..","publisher":{"@id":"https:\/\/www.fondationbiodiversite.fr\/en\/#organization"},"alternateName":"FRB","potentialAction":[{"@type":"SearchAction","target":{"@type":"EntryPoint","urlTemplate":"https:\/\/www.fondationbiodiversite.fr\/en\/?s={search_term_string}"},"query-input":{"@type":"PropertyValueSpecification","valueRequired":true,"valueName":"search_term_string"}}],"inLanguage":"en-US"},{"@type":"Organization","@id":"https:\/\/www.fondationbiodiversite.fr\/en\/#organization","name":"Fondation pour la recherche sur la biodiversité","url":"https:\/\/www.fondationbiodiversite.fr\/en\/","logo":{"@type":"ImageObject","inLanguage":"en-US","@id":"https:\/\/www.fondationbiodiversite.fr\/en\/#\/schema\/logo\/image\/","url":"https:\/\/www.fondationbiodiversite.fr\/wp-content\/uploads\/2025\/10\/logo_FRB_RVB.png","contentUrl":"https:\/\/www.fondationbiodiversite.fr\/wp-content\/uploads\/2025\/10\/logo_FRB_RVB.png","width":220,"height":220,"caption":"Fondation pour la recherche sur la biodiversité"},"image":{"@id":"https:\/\/www.fondationbiodiversite.fr\/en\/#\/schema\/logo\/image\/"},"sameAs":["https:\/\/www.facebook.com\/FRBiodiv#","https:\/\/x.com\/FRBiodiv","https:\/\/bsky.app\/profile\/frbiodiv.bsky.social","https:\/\/www.instagram.com\/frbiodiv\/","https:\/\/www.linkedin.com\/in\/fondation-pour-la-recherche-sur-la-biodiversit-223059121\/","https:\/\/www.youtube.com\/@FRBiodiv"]}]}</script>
<!-- / Yoast SEO plugin. -->

Romain FRELAT - Fondation pour la recherche sur la biodiversité

Romain Frelat joined the FRB as a data-scientist in January 2025. He offers technical and methodological support for projects from the program FRB-MTECT-OFB « Pressions anthropiques et impact sur la biodiversité terrestre » [fr]. His work also aims to facilitate the collaboration among the different research groups and to help valorization results to partners. &nbsp; Romain [&hellip;]

Fondation pour la recherche sur la biodiversité

Une plateforme entre les différents acteurs scientifiques et les acteurs de la société sur la biodiversité..
